 14723 = 2*u, -58*u + 55*u = -2*f - 22065. List the prime factors of u.
7, 1051
Let f(o) be the second derivative of 31*o**4/12 - o**3/2 - 2*o**2 - 15*o. Let y be f(4). Suppose 4*t + 2*t - y = 0. List the prime factors of t.
2, 5
Let p = -23802 - -39947. List the prime factors of p.
5, 3229
Suppose -13*a - 10*a + 598 = 0. Suppose 19342 = 64*r - a*r. List the prime factors of r.
509
Let i(g) = -g - 9. Let f be i(-11). Suppose -5*o - f*h = 2*h + 2233, -5*h - 2235 = 5*o. What are the prime factors of (-1)/(2/4) + o/(-5)?
3, 29
Let m(j) = 2*j**2 - 13*j - 3. Suppose -6*a + 28 = -2*a. Let u be m(a). What are the prime factors of (-528)/(-8) + u/2?
2, 17
Let f = 37730 - 24474. Suppose -9*l - 3959 = -f. List the prime factors of l.
1033
Let g = -576 - -576. Suppose -5*d + f + 4687 = g, -5*d + 5*f + 3891 = -804. List the prime factors of d.
937
Let h(d) = d**3 - 3*d**2 - 5. Let p be h(4). Let f(z) = 16*z - 25. Let r be f(p). Let s = -90 + r. List the prime factors of s.
61
Suppose -2*f + 219 + 211 = 0. Suppose 3*x + f = -511. Let u = -165 - x. List the prime factors of u.
7, 11
Let t(g) = -g**3 + 21*g**2 + 25*g - 70. Let b be t(19). Let m = b - 537. List the prime factors of m.
2, 5, 59
Let f = 346 + -350. List the prime factors of f/((-80)/23565) + 3/4.
3, 131
Let t = 9705 + 20177. What are the prime factors of t?
2, 67, 223
Let c(f) = -1383*f + 3061. List the prime factors of c(-20).
31, 991
Let z = -4829 + 9210. What are the prime factors of -1*(z/26)/(2/(-4))?
337
Suppose -20 = 16*i - 132. Let c(m) = -m**3 + 6*m**2 + 10*m - 18. Let q be c(i). Suppose -q*l + n + 168 = 0, 2*l = 3*l - 4*n - 67. List the prime factors of l.
5, 11
Let t(j) = -51*j**2 + 2*j + 1. Let i be t(1). Let y = 36 + i. Let c = -3 - y. What are the prime factors of c?
3
Suppose r = -2*x + 2*r + 15, 5*r = -4*x + 23. Let u(j) = -j**2 + 6*j + 17. Let c be u(x). Suppose -c*g + 7*g = -345. List the prime factors of g.
5, 23
Let y = -25349 - -45184. What are the prime factors of y?
5, 3967
Suppose -28*t + 2017 = -2687. List the prime factors of (-96)/t - 3798/(-7).
2, 271
Suppose 0 = 4*l - i + 2*i - 36, 0 = -2*l - i + 16. Suppose 2*j + l*o - 9*o = 50, -3*o + 12 = 0. What are the prime factors of j?
23
Let l be 21/3 + (1 - -31). Let j(c) = c + 11. Let o be j(-6). Let p = l - o. What are the prime factors of p?
2, 17
Suppose -228 = 5*v + h, 4*v - 4*h = -5*h - 183. Let q = v - -45. Suppose q = 6*r - r - 300. What are the prime factors of r?
2, 3, 5
List the prime factors of -19212*(57/(-4))/19.
3, 1601
Suppose 13*t + 1 = 66. Suppose 0*d = -t*d - 590. Let k = -61 - d. What are the prime factors of k?
3, 19
Suppose -4 = 2*s - 2. Let d be -7*1/(s - 0). Suppose -2*i + 88 = 2*v, -5*v + 3*i + 215 = d*i. What are the prime factors of v?
3, 13
Let y(b) = -12*b + 127. Let g be y(9). Suppose 18*i + 471 = g*i. List the prime factors of i.
3, 157
Suppose 57*n = 64*n - 35. Suppose 2*a - n*x - 1047 = 2034, 6126 = 4*a + 2*x. What are the prime factors of a?
3, 7, 73
Let j(n) = -131*n**2 + 2*n - 10. Let x be j(2). Suppose 4*y = -y - 20. What are the prime factors of x*4/(-24) + y/(-6)?
89
Suppose -4*b - 14209 + 3105 = -4*w, -3*w = -b - 8336. Let n = w + -1084. List the prime factors of n.
2, 53
Let x(h) = -h**3 + 16*h**2 + 4*h - 5. Let z be x(15). Let q be -38*(-538)/28 - 1/7. Suppose -z - q = -5*u. What are the prime factors of u?
2, 101
Let v(d) = -7*d**2 - 21*d - 13. Let n(s) = 4*s**2 + 11*s + 6. Let h(f) = 5*n(f) + 3*v(f). Let u be h(-6). Let y = 35 - u. List the prime factors of y.
2
Let v(z) = z**2 - 2*z - 61. Let f be v(9). Suppose 5*x + 5*j = 65, -f*x - 3*j = -2*j - 29. What are the prime factors of x?
2
Let p = 53766 + -2759. What are the prime factors of p?
11, 4637
Suppose -5*y - 2130 = -5*k, 4*y + 164 + 684 = 2*k. Let z = k - 357. List the prime factors of z.
71
Let b = 675 - 650. Suppose b*n + 5*n = 4080. List the prime factors of n.
2, 17
Suppose 8*p + 19*p - 2700 = 0. Suppose -p*w - 5970 = -115*w. What are the prime factors of w?
2, 199
Let i(l) = -13570*l**3 + l**2 + l - 1. Let r be i(-1). What are the prime factors of 2/(-11) - (0 + r/(-33))?
3, 137
Let l(m) be the first derivative of -m**4/4 + 8*m**3/3 + 9*m**2/2 + 4*m - 41. List the prime factors of l(8).
2, 19
Suppose -1045 = -4*q - 7*q. Let g = 100 - q. Suppose 517 = g*c + 7. List the prime factors of c.
2, 3, 17
Suppose 0 = -2*h + 4*j - 1596, -5*h = -4*h - 3*j + 797. Let z = 1483 + h. What are the prime factors of z?
683
Let p(j) = 16*j**3 - 14*j**2 + 13*j + 3. Let y be p(10). Suppose 45*m - 10152 = y. List the prime factors of m.
7, 79
Let z(j) = -58*j - 551. List the prime factors of z(-11).
3, 29
Let s be (-2)/(16/(-204))*118. Suppose -2682 = -21*p + s. List the prime factors of p.
271
Let u(m) = 997*m**2 - 29*m + 106. What are the prime factors of u(-7)?
2, 47, 523
Suppose -46 = 2*q - 38. Let r be (3 - (0 + 5))/(q/318). Let g = 19 + r. List the prime factors of g.
2, 89
Let h = -58 + 110. Let u be (-2)/8 - 25/(1600/(-144)). Suppose h = 6*o - u*o. List the prime factors of o.
13
Let m(k) = -817*k**3 + 24*k + 40. List the prime factors of m(-2).
2, 3, 17
Let l(r) = -6*r - 42. Suppose 0 = -g + 13 - 16. Let t(y) = y**3 - 8*y - 6. Let w be t(g). List the prime factors of l(w).
2, 3
Suppose -4*i + 12 = -i. Suppose 4*a - q + 28 = 10, -i*q - 33 = 5*a. Let s(x) = x**2 + 1. List the prime factors of s(a).
2, 13
Suppose 6*x - 3*x - 62024 = -4*v + x, 0 = -4*x. What are the prime factors of v?
2, 7753
Let b(i) = 129*i**2 + 227*i - 2193. What are the prime factors of b(10)?
19, 683
Suppose 2*b - 9*k - 19198 = -5*k, -5*b - 3*k + 48060 = 0. List the prime factors of b.
3, 3203
Suppose -q + 38 = 2*k + 2*q, 8 = -4*q. Let p = 25 - k. What are the prime factors of 59 - (2 - (3 - p))?
3, 19
Suppose 0 = 4*n - 2*n - 26. Let p(j) = j**2 + 11*j + 29. What are the prime factors of p(n)?
11, 31
Let r be 13 + -6 + -3 - 1*-2. Let c be (180 - r)/((-3)/2). Let f = 1 - c. List the prime factors of f.
3, 13
Let y be (1 + -2)*4/((-4)/15). Let z(w) = 12*w + 50. What are the prime factors of z(y)?
2, 5, 23
Let o = 28 + -44. Let p(h) = h**3 + 17*h**2 + 7*h - 19. What are the prime factors of p(o)?
5
Let a = -286 - -822. Suppose -7*p - a = -9*p. What are the prime factors of p?
2, 67
Let t = 441 + -109. Suppose -5*k = 2*c - t, -4*k = 9*c - 7*c - 330. List the prime factors of c.
7, 23
Let q(b) = -b**3 + 26*b**2 - 69*b. Let h be q(23). Suppose -22*d + 30*d - 6888 = h. List the prime factors of d.
3, 7, 41
Let f(i) = -i**3 + 77*i**2 - 34*i - 2385. What are the prime factors of f(71)?
25447
Let r(t) = t**2 + 14*t - 22. Let s(l) = 6*l + 32. Let f be s(-4). What are the prime factors of r(f)?
2, 7, 11
Let f(u) = -5*u + 3. Let z be f(2). Let a(g) = g**3 + 85*g - 5*g**2 + 17*g**2 - 156*g + 76*g + 13. List the prime factors of a(z).
223
Let r(k) = 1478*k + 24. Let x be r(2). Suppose -19*o + 13297 = x. What are the prime factors of o?
3, 181
Let y(d) = 25*d**2 + 3*d - 6. Let n be y(4). Suppose 0 = -2*p + 2*g - 52 + n, g - 855 = -5*p. What are the prime factors of p?
2, 43
Let x(t) = 327*t**2 - 10*t - 19. Let m be x(-2). Let s = -201 + m. What are the prime factors of s?
2, 277
Let x(i) = i - 3. Let k be (-6)/4*6/(-18)*10. Let y be x(k). Suppose 320 = 2*f + f - 4*h, y*h = -4. List the prime factors of f.
2, 13
What are the prime factors of 3 - (-2 - 0) - (-713767 + -13)/20?
2, 3, 661
Let i(b) be the second derivative of b**5/20 - 5*b**4/3 + 17*b**3/6 + 39*b**2/2 - 12*b. Let u be i(19). Let x = u - -15. What are the prime factors of x?
2
Suppose -5*t + 73 = 4*n, 5*t - t - 44 = 4*n. Suppose 6228 = t*u + 2042. List the prime factors of u.
2, 7, 23
Let b = 7640 - 3684. Suppose -4*p + b = -5*g, -3*g - 2306 = -2*p - 330. What are the prime factors of p?
2, 7, 71
Let r(q) = 5688*q + 161. List the prime factors of r(6).
17, 2017
Let k = -9 + -18. Let p = k + 29. Suppose 0 = 5*o + 2*a - 111, -p*a + 15 + 73 = 4*o. List the prime factors of o.
23
What are the prime factors of (-7)/((-105)/6) + ((-208376)/(-35) - -3)?
7, 23, 37
Suppose 0 = 4*u + 2*s - 61286, 2*s + 43516 = 2*u + 12876. What are the prime factors of u?
3, 5107
Suppose -49*z + 21*z = 34*z - 4757322. What are the prime factors of z?
3, 25577
Suppose -58836 = -c - 4*z, -33*z + 29*z = -3*c + 176540. List the prime factors o